.
10
Let h(x) = x**2 + 1. Suppose 3 + 1 = n. Let y(m) = m**3 + 5*m**2 + 2. Let i(o) = n*h(o) - y(o). Let s be i(0). Calculate the greatest common factor of s and 2.
2
Suppose 77 = -5*m + 372. Let u = m + -32. What is the highest common divisor of 54 and u?
27
Let h = 8 - 7. Let o be 48/h*(-4)/(-6). Let r = 113 + -65. Calculate the greatest common divisor of o and r.
16
Let q be (-2718)/(95/38 - (0 - -4)). What is the greatest common factor of q and 12?
12
Suppose 149 = 15*r - 631. What is the greatest common divisor of 8 and r?
4
Let w(u) = -3*u**2 + 2*u + 6. Let p be w(3). Let d(g) = -g**2 - 19*g + 15. Let l be d(p). Calculate the highest common factor of 15 and l.
15
Let d(j) = -2*j - 6. Let a be d(-4). Let i be (-1)/(a/(-8)) + 13. What is the greatest common factor of 119 and i?
17
Let d(w) = -w**2 + 8*w - 7. Let l be d(7). Suppose b - 5 + 3 = l. Suppose -4 = -2*q - b. What is the highest common divisor of q and 3?
1
Let a be (-4)/10 - 0 - 396/(-165). What is the highest common divisor of 7 and a?
1
Let t be -25*(40 - 54)/(2 - 0). Suppose 0 = -3*n - n + 28. What is the highest common factor of n and t?
7
Suppose -7*f = -2*f - 80. Suppose -f*v = -15*v - 130. What is the greatest common divisor of 13 and v?
13
Let u(z) = -z**2 - 7*z + 7. Let p be u(-7). Suppose 5*l + 15 = 0, 5*h - 566 = 7*l - 5*l. Calculate the greatest common factor of p and h.
7
Let s(p) = 4 - p + 9*p - 6*p. Let d be s(1). What is the highest common factor of 9 and d?
3
Let u = 53 - 52. Let w(v) = 28*v**3 - v**2 - 4*v + 3. Let h be w(u). What is the highest common factor of h and 39?
13
Suppose -23800 = -57*g - 4990. Calculate the highest common divisor of 90 and g.
30
Let b = 9 + -15. Let v = b + 18. Suppose 0*l - 3*l = -324. Calculate the greatest common factor of l and v.
12
Let z(i) = 15*i**2 + 4*i + 3. Let w be z(-2). Suppose -2*k + 5*k - w = t, 0 = k + 5*t - 13. What is the highest common divisor of k and 54?
18
Let n(i) = -2*i**3 + 61*i**2 - 83*i - 108. Let g be n(29). Suppose 0 = -b + 3*b - 4. Calculate the highest common divisor of g and b.
2
Let k = 708 + -480. Calculate the greatest common divisor of k and 24.
12
Let g(x) = 0*x**2 - 3*x + 4*x + 8 + x**2 + 3*x. Let t be g(-8). Suppose -3*j - 2 = -5*v + 29, 0 = j - 3. What is the highest common factor of t and v?
8
Suppose 4*q = 4*i - 84, 88 = 4*i - 2*q - 2. What is the greatest common factor of 56 and i?
8
Suppose -3*r + 32 = -13. Let f(x) = x**2 + 2*x - 5. Let u = 9 - 16. Let h be f(u). Calculate the greatest common factor of h and r.
15
Let p = 325 + -115. Calculate the highest common factor of p and 45.
15
Suppose 0*m = -4*m. Suppose m = 5*g - 3*g. Suppose -3*k - 3*u + 18 = g, 4*k + 5*u = 25 - 3. What is the highest common divisor of 56 and k?
8
Suppose 2*j = 8*j - 84. Let o(g) = g + 124. Let c be o(0). Let z be c/8 - (-3)/(-2). Calculate the highest common divisor of z and j.
14
Let h = 297 - 42. Suppose -o + h = 2*o. What is the highest common divisor of o and 34?
17
Let m(w) = 5*w**3 - w**2. Let z be m(1). Let b be (15/10)/(24/512). Calculate the greatest common factor of z and b.
4
Let l(y) = 2*y**2 + 26*y + 6. Let d be l(4). Calculate the greatest common divisor of 1278 and d.
142
Let a(s) = s**2 - 20*s - 2. Let o be a(-10). Let v = o + -172. Calculate the highest common divisor of v and 18.
18
Suppose d = 3*x + 238, -2*x = -6 - 4. Suppose 0*p - 115 = -5*p. What is the greatest common factor of d and p?
23
Let o(l) = -l**2 + 25*l - 33. Let z be o(15). Calculate the greatest common factor of 65 and z.
13
Let g(v) = -5*v**3 + 3*v - 2. Let j be g(-2). Calculate the greatest common divisor of j and 16.
16
Suppose -38*a + 31*a = -35. What is the highest common factor of a and 15?
5
Let l be 2/((2 - 0) + -1). Suppose l*v + 3*g = 11, 5*v + 0*v + 5*g = 30. Let c = 5035 + -4972. Calculate the highest common factor of c and v.
7
Suppose 0*u = u - 42. Let r(s) = -3*s + 7. Let c be r(-7). What is the greatest common divisor of u and c?
14
Let v(t) = -t + 14. Let h be v(14). Let d be h/(((-1)/1)/1). Suppose -u = -d*u - 9. Calculate the greatest common divisor of u and 9.
9
Suppose -4*p = 5*i - 3, 3*i = i - 2. Suppose 0*r = -p*r. Let u be (1 - r)/(-1 - -2). What is the highest common divisor of u and 5?
1
Let l be (5 - 1)*(-280)/(-160). What is the greatest common divisor of 13 and l?
1
Let q be (-1 + 2)/(((-11)/(-12))/11). Suppose -4*j + 72 = 5*h, 3*j = -j + q. Calculate the highest common divisor of 20 and h.
4
Suppose -5*b + 169 = 2*w, -3*w = -4*w + 5*b + 47. What is the greatest common factor of 9 and w?
9
Let g be ((-2)/5)/((-3)/180). Let p = g - 17. Let a be 5/5 - p*-1. What is the highest common divisor of 8 and a?
8
Let w(r) be the second derivative of r**4/6 - 2*r**3/3 - r**2 + 30*r. Let b be w(-2). Let y = 124 - 89. What is the highest common factor of b and y?
7
Suppose -649 = 8*t - 673. Calculate the greatest common factor of t and 8.
1
Let j(y) = 3*y**2 + 4*y. Let d be j(4). Suppose -72 + 18 = -9*i. Suppose 0 = i*b - 1 - 47. What is the highest common factor of d and b?
8
Let l(r) = 29*r + 139 - 162 - 10*r. Let h be l(5). Calculate the greatest common factor of h and 48.
24
Suppose -4*p + 16 = 0, -3*b - 2*p + 19 + 7 = 0. Let z(k) = 2*k**2 - 3*k**2 - 9*k - 3 - b. Let h be z(-6). What is the greatest common factor of h and 3?
3
Let k(s) = -345 - s**2 + 377 + 2*s**2. Let x be k(0). Let m be 36/2 + 4/(-2). Calculate the highest common divisor of x and m.
16
Let a(w) = -6*w + 162. Let r be a(26). Calculate the greatest common factor of 258 and r.
6
Let q be ((-9)/8)/((-6)/(-4))*-4. Suppose k + q*k - 72 = 0. Let o be 6*(0 - (-3)/9). Calculate the greatest common divisor of o and k.
2
Suppose -t = 2*t. Let p(v) = v + 32. Let d be p(t). Suppose q = m - 141 + 138, 37 = 4*m + q. What is the greatest common divisor of m and d?
8
Suppose 2*w - 5*j - 71 = 0, -3*w + 4*j + 120 - 24 = 0. Let q be 0 + 202*(-9)/(-6) - -5. What is the greatest common divisor of q and w?
28
Suppose -4*a = -2*a - 4. Let d be -18*(21/a)/(-7). Suppose 4*r - 8 = 0, 0 = 4*n - 4*r - 6 + 2. Calculate the greatest common divisor of d and n.
3
Let c(f) = -61*f - 45. Let r be c(-1). What is the greatest common factor of 88 and r?
8
Let c be 8 + (-4)/10*(-2 - 8). Calculate the greatest common divisor of 174 and c.
6
Suppose 5*t - f = 3*f + 21, -t + 5*f = 0. Suppose -6 = 3*g - 15, 2*g - 46 = 5*w. Let q = w + 53. Calculate the highest common divisor of q and t.
5
Suppose 0*c - 2*c = -3*f - 98, f = 2*c - 38. Let g be f/(-45) + (7/3 - -1). Calculate the highest common divisor of g and 28.
4
Let z = -68 - -200. What is the greatest common divisor of 60 and z?
12
Let f = 16 + -3. Suppose 0 = -3*w - 4*a + 22, 14*w = 17*w - 2*a + 2. Suppose w*y + 4*v = -y + 191, y - 3*v = 68. What is the highest common factor of f and y?
13
Let i = -7 - -2. Let g(x) = -16*x + 10. Let k be g(i). Suppose -w + 3*b = -35 - 53, -w + b + k = 0. Calculate the highest common divisor of w and 13.
13
Suppose u = -3*x - 0*u + 16, 53 = 4*x - 5*u. Calculate the greatest common divisor of x and 23.
1
Let m(q) = -16*q**2 - 3*q - 5. Let y be m(-2). Let r = y - -98. Suppose 3*v = p + 19, 15 + 15 = 2*v - 5*p. Calculate the highest common factor of r and v.
5
Suppose -133 = 8*m - 10*m + t, -5*m = 5*t - 295. What is the greatest common divisor of 224 and m?
32
Let v(j) = j**2 + 10*j + 9. Let d be v(-9). Let p be -2*2*(-2 + d). What is the greatest common divisor of 32 and p?
8
Let h = -225 - -241. Calculate the highest common factor of h and 80.
16
Suppose -11*j = 4*j - 150. What is the highest common divisor of j and 6?
2
Let g = -3 + 7. Let l(a) = 7*a + 6. Let w(k) = 5*k - 1. Let q(j) = -l(j) + 2*w(j). Let p be q(g). What is the greatest common factor of 12 and p?
4
Suppose -5*p = -4*p + 4*f - 43, -2*p - f + 86 = 0. What is the highest common factor of p and 473?
43
Let t = -1 + -1. Let a be (51/(-6))/(t/12). Let w(k) = -k**2 - 15*k - 10. Let x be w(-11). What is the highest common divisor of x and a?
17
Let j(y) = -y + 12. Let r be j(7). Let c = 17 - r. Let u = c + -7. Calculate the greatest common factor of u and 5.
5
Let g(k) = -k + 134. Let w be g(20). Calculate the highest common factor of 152 and w.
38
Let z be 1/(6/21)*18. Let d(o) = o - 3. Let k be d(5). Suppose r = -3*h + 15, r + 3*